036210
103480 (base 9) to base 12
2b800
Convert 7838d1 (base 14) to base 6.
223254303
103221033 (base 4) to base 7
453405
Convert -13421001 (base 5) to base 2.
-100001111001111100
Convert -72a7a (base 11) to base 8.
-317716
5085118 (base 9) to base 12
aaa338
What is -2301688 (base 10) in base 14?
-43cb44
What is -1110110010100011010100 (base 2) in base 11?
-22089a5
Convert 4505554 (base 6) to base 12.
ab2ba
Convert 2100110222 (base 3) to base 13.
180aa
Convert 6637 (base 15) to base 16.
5494
What is 17037534 (base 8) in base 9?
7377138
What is 15eea (base 15) in base 6?
1304034
What is 15158775 (base 9) in base 15?
9dd965
What is 125230 (base 8) in base 5?
2344142
Convert 1414 (base 13) to base 6.
21214
Convert 112011101212020 (base 3) to base 9.
15141766
Convert -7915440 (base 10) to base 13.
-1841ac0
Convert -33140043 (base 5) to base 4.
-1012002302
1505778 (base 9) to base 14
178b8d
Convert -42114212 (base 5) to base 14.
-90bb3
What is -231304404 (base 5) in base 7?
-11564440
Convert 1979c6 (base 15) to base 12.
4ba0b0
602319 (base 10) to base 14
11970b
What is 1113064 (base 9) in base 10?
599296
Convert -220146 (base 7) to base 5.
-2212444
2666260 (base 7) to base 2
1010110000111101000
431b8 (base 13) to base 2
11101100101000011
-141a (base 15) to base 10
-4300
Convert b7a8a9 (base 12) to base 11.
1701510
What is 1598338 (base 10) in base 4?
12012032002
Convert 79c42 (base 16) to base 12.
20076a
What is -127685 (base 10) in base 2?
-11111001011000101
What is 223303133 (base 4) in base 8?
536337
What is 24a69 (base 12) in base 6?
1023013
-325445432 (base 7) to base 4
-1022303032310
Convert 8dcb43 (base 15) to base 2.
11001110110010101100011
-19171 (base 10) to base 5
-1103141
What is -33963 (base 12) in base 15?
-15593
Convert -375135 (base 11) to base 14.
-115ca2
What is -11177210 (base 8) in base 11?
-1406591
Convert 22202012110 (base 3) to base 14.
46a75
29255 (base 12) to base 6
1121345
30185 (base 12) to base 4
33033311
Convert 1ffd5b (base 16) to base 15.
2b62a0
105332223 (base 6) to base 3
10122121001020
25353532 (base 6) to base 12
3388a8
Convert -311125 (base 16) to base 5.
-1310400103
Convert -5436888 (base 9) to base 16.
-2c872a
What is 17778 (base 10) in base 9?
26343
What is 3646650 (base 7) in base 4?
1301231310
47bcc (base 13) to base 15
2901a
What is -25456042 (base 7) in base 9?
-4320757
What is 4105520 (base 8) in base 10?
1084240
-14214331 (base 8) to base 9
-6043668
e92be4 (base 16) to base 2
111010010010101111100100
-33123032 (base 4) to base 2
-1111011011001110
Convert -46130110 (base 7) to base 4.
-33112131010
What is 12011213310 (base 4) in base 7?
16364514
What is -1101100101000110100011 (base 2) in base 7?
-42154360
-4684465 (base 9) to base 6
-130204005
Convert 10233423 (base 6) to base 7.
2360112
Convert -748654 (base 11) to base 10.
-1197354
Convert -31030523 (base 7) to base 12.
-a521bb
-252250254 (base 6) to base 16
-4a607a
What is 77a378 (base 11) in base 10?
1243602
Convert -2001121100101 (base 3) to base 11.
-688334
-1aa6e8 (base 16) to base 3
-10021201222021
-21100214 (base 5) to base 6
-3430243
6aab70 (base 15) to base 13
1096a79
Convert 695032 (base 11) to base 14.
20a87b
-20187 (base 16) to base 12
-640b3
What is 70015 (base 9) in base 3?
2100000112
2733650 (base 11) to base 10
4719176
What is 15dda6 (base 14) in base 12?
310726
What is -14c0a (base 15) in base 4?
-100110103
What is -335103 (base 7) in base 4?
-32133333
126543 (base 7) to base 12
11a33
What is -846b4 (base 12) in base 8?
-523350
What is -aae28 (base 16) in base 13?
-1b678b
-b01475 (base 12) to base 11
-1601296
Convert -36a28 (base 13) to base 10.
-100589
26251505 (base 7) to base 6
123231212
What is c2039a (base 16) in base 9?
25828513
-1000010010010100 (base 2) to base 3
-1201120001
-1114441442 (base 5) to base 10
-2499622
What is 3627234 (base 8) in base 2?
11110010111010011100
What is -1222420243 (base 5) in base 12?
-b96a96
What is -231309 (base 16) in base 5?
-1042024013
Convert 112331010 (base 4) to base 6.
2003140
What is 1001101011011000110011110 (base 2) in base 5?
20143433334
Convert -2022120211120 (base 3) to base 4.
-10230300102
What is -262157 (base 8) in base 13?
-326c0
What is 207421 (base 9) in base 11?
84903
Convert 4245017 (base 9) to base 11.
1313351
What is -1b7c51 (base 13) in base 5?
-134443222
Convert 834cc (base 14) to base 12.
133210
-23243003 (base 5) to base 15
-42d53
3d6532 (base 16) to base 4
33112110302
12222221011 (base 3) to base 13
41968
cee6b8 (base 16) to base 2
110011101110011010111000
Convert 457858 (base 15) to base 12.
113b085
20011011220 (base 3) to base 14
32214
What is -4648836 (base 10) in base 3?
-22202012000010
What is -2041656 (base 7) in base 12?
-ba150
-12031324203 (base 5) to base 6
-1214344513
What is 1644b1 (base 12) in base 2?
1011100111111000101
Convert -342243011 (base 6) to base 16.
-5fb90f
-c8b424 (base 13) to base 2
-10001111101101000001101
153105422 (base 6) to base 2
1100010100001001110110
What is -ce5dc (base 15) in base 6?
-22021230
Convert 75a80 (base 15) to base 9.
628453
What is 830839 (base 11) in base 10?
1333341
What is 173378 (base 10) in base 13?
60bba
655101 (base 7) to base 3
12211012220
What is -a67176 (base 14) in base 8?
-25360524
207a3b (base 13) to base 6
24141053
73161 (base 11) to base 12
51890
-2a37c47 (base 13) to base 15
-12b104c
Convert 12700221 (base 8) to base 15.
3b4ae1
What is -2214016 (base 8) in base 15?
-bb8c2
-201031432 (base 5) to base 4
-3003010100
What is -69bc6 (base 15) in base 11?
-21003a
What is -147d9 (base 16) in base 9?
-137114
What is -12222112221 (base 3) in base 7?
-1000234
1111011101000111011101 (base 2) to base 13
abb0ba
Convert 1226ab (base 13) to base 2.
1101001111100101100
Convert -21345001 (base 6) to base 2.
-10011011010011011001
What is 1103332320 (base 4) in base 15?
6bdcc
Convert -9428814 (base 10) to base 14.
-137622a
Convert 146009 (base 14) to base 16.
acd79
Convert -62453 (base 14) to base 5.
-30034331
4015154 (base 6) to base 3
100121100121
1102c9 (base 13) to base 4
1201233211
-10167b9 (base 13) to base 4
-102210323333
What is -210420234 (base 5) in base 3?
-1122100210112
Convert -202001111210200 (base 3) to base 9.
-22044720
Convert 253806 (base 9) to base 10.
153744
Convert 714333 (base 10) to base 5.
140324313
Convert -983190 (base 13) to base 7.
-42255402
Convert -101001101001000011000 (base 2) to base 5.
-322131004
Convert 22100020010 (base 3) to base 14.
43b9c
What is 411228 (base 10) in base 5?
101124403
42cc6 (base 15) to base 3
101202222220
Convert 2234462 (base 8) to base 2.
10010011100100110010
What is 1024023342 (base 5) in base 16?
212a9d
3038d6 (base 14) to base 6
54444004
Convert 40411225 (base 6) to base 8.
4312701
-bbc91b (base 14) to base 16
-613fed
Convert -10230101200 (base 4) to base 13.
-340a83
What is -34344111 (base 8) in base 6?
-423454225
What is -21255240 (base 7) in base 8?
-6723343
Convert -378004 (base 9) to base 8.
-677056
32f49 (base 16) to base 12
a0949
What is 1050013 (base 6) in base 15?
10b30
What is -1261360 (base 9) in base 4?
-2220130023
Convert -10001110010001001101 (base 2) to base 5.
-122121413
-10111010000000001011 (base 2) to base 13
-208a12
Convert 5066962 (base 11) to base 5.
4243023134
Convert -3f87e6 (base 16) to base 7.
-50250440
Convert b0b73a (base 12) to base 6.
135032514
What is 15741 (base 16) in base 6?
1514453
What is 29d7d (base 14) in base 16?
196fb
2555061 (base 7) to base 10
333096
Convert c9c690 (base 13) to base 9.
8824123
Convert acc82a (base 15) to base 13.
1928284
What is -84297 (base 11) in base 5?
-12412200
Convert -1231132310 (base 4) to base 10.
-448436
1444042010 (base 5) to base 9
7283637
-112202000001000 (base 3) to base 2
-11101111000100100000101
What is 3142234 (base 5) in base 11?
36758
Convert -100002021200 (base 3) to base 14.
-49244
1bb5244 (base 12) to base 3
102012210212121
32155233 (base 8) to base 16
68da9b
What is -1bc34b (base 13) in base 6?
-23134050
-1230010010 (base 4) to base 7
-3522314
Convert -1447863 (base 9) to base 7.
-6540312
2140333443 (base 5) to base 4
101220031003
Convert -112452013 (base 6) to base 15.
-2b47c9
-100101001100110010011111 (base 2) to base 16
-94cc9f
What is -24854 (base 9) in base 4?
-10011133
What is 11